 be 2 + (1 - 3)*1. Suppose z - 3*z + 1870 = i. Suppose 3*m - z = -o - 4*o, 0 = m. Is o prime?
False
Let m be -5 + 9 - (3 - 1). Suppose -2 + 4 = y. Is (71/y)/(m/12) a composite number?
True
Let l(y) = 3*y**3 - 9*y**2 + 3*y - 4. Is l(9) a composite number?
False
Suppose 2*s + 2*l - 30 = -3*l, -s - l + 9 = 0. Let a(o) = 2*o**3 - 4*o**2 - 6 - o**3 + 6*o + 0*o**2. Is a(s) composite?
True
Suppose 11*r = 7*r. Suppose 608 - 106 = 2*y + 5*z, r = -5*y - 2*z + 1255. Is y prime?
True
Let j(l) be the second derivative of l**5/5 - 7*l**4/12 - 5*l**3/6 - 3*l**2/2 + 20*l. Is j(4) composite?
True
Suppose 0 = -3*p - 3*v + 26884 - 5068, -14526 = -2*p + 4*v. Is p a composite number?
True
Let g(w) be the second derivative of -49*w**5/10 - w**4/6 - w**3/6 - 19*w. Is g(-2) a composite number?
True
Let a = 53 - 49. Suppose -3*q + 7*q - 6788 = -a*i, -4*q = -4*i - 6756. Is q a prime number?
True
Suppose -2*v + 5*g - 21 = 0, 4*g - 12 = 8. Suppose -v*s = 5*s - 385. Is s a composite number?
True
Let q(d) = -d + 11. Let b be q(9). Suppose -b*w = -3*x + 1320, -426 = -x - 2*w - 2*w. Is (-3)/18*-3*x a composite number?
True
Let u(b) = 3*b - 2. Let k be u(2). Let z = 0 + k. Is (0 - -3)/(z/12) a composite number?
True
Let o(b) = b**3 - 7*b**2 - 7*b - 8. Let q be o(8). Suppose 632 = 2*j - 2*u, -j - u = -q*u - 318. Is j prime?
True
Suppose -57658 = -9*j + 54815. Is j a composite number?
False
Let a be (-1)/(0 - -1)*-209. Let s = -307 + 207. Let g = s + a. Is g prime?
True
Suppose o + 0*o = -5*k + 233, -4*k + 948 = 4*o. Suppose 0 = -5*l - 3*g + 567, -l = -3*l - 4*g + o. Suppose -3*m = -0*m - l. Is m a prime number?
True
Let c(i) = -15*i**3 + 30*i**2 - 23*i + 27. Is c(-13) a prime number?
True
Let i = 58 - 60. Let q(y) = -291*y**3 + 2*y**2 + 4*y + 5. Is q(i) composite?
False
Let x(l) = 10*l**3 + 9*l**2 + 24*l + 18. Is x(14) a composite number?
True
Suppose -4 = d - 2, 4*d - 22 = 5*r. Is 309 + r + 0/3 prime?
False
Let a = 1307 + -88. Let c = a + -732. Is c a prime number?
True
Suppose -329*d + 17895 = -326*d. Is d a prime number?
False
Let g be 1/3 - 38/(-57). Is 1/(5/(2085*g)) prime?
False
Let v = -238049 + 376936. Is v prime?
False
Let p = -515 - -1404. Is p a composite number?
True
Let f be (-6)/21 - ((-27327)/7)/3. Suppose 3*q - 4*o = 4203, -5*q - 3*o + f = -5733. Is q prime?
False
Let t be (-21)/28 + -1845*21/(-12). Let i = -902 + t. Is i a prime number?
False
Let j(o) = 28*o**2 + o. Let l be j(-1). Suppose v - 26 - l = 0. Is v a composite number?
False
Let a(i) = -3*i - 3. Let r be a(-5). Let o = r - 10. Is o*-3*(-106)/12 a composite number?
False
Suppose -4*a + 3*v - 12 = -v, -2*v = -10. Suppose -6*s - 12 = -a*s. Let o(q) = 24*q**2 - q + 2. Is o(s) a composite number?
True
Suppose 0 = 20*q - 27*q + 5131. Is q a prime number?
True
Let a(r) = r**2 + 9*r. Let y be a(-9). Let s(g) = -g**3 + g**2 - 2*g + 339. Is s(y) composite?
True
Suppose 3*n - 4*h = -0*n - 49, n + 2*h = -13. Is -1 + (-1558)/n + (-2)/(-15) a composite number?
False
Let p(m) = 946*m - 1. Let k be p(1). Let g = k - 365. Suppose 0 = -5*f + f + g. Is f prime?
False
Let d(z) = 14*z**2 - 13*z + 12. Let f be d(5). Let p = f + -98. Is p a prime number?
True
Let l(r) be the first derivative of 2*r**3 + 8 - 1/4*r**4 + 5*r + 2*r**2. Is l(4) a prime number?
True
Let t = -24310 + 35661. Is t a composite number?
False
Suppose 5*i - 8305 = 4*l, -4*l = -9*l - 25. Is i a prime number?
True
Let z(y) = -110*y - 13. Let s(u) = 55*u + 6. Let l(a) = 5*s(a) + 2*z(a). Let r be l(4). Let i = r + -131. Is i a prime number?
False
Let n = 12319 - 2828. Is n composite?
False
Let g(l) be the second derivative of -2*l**5/5 - l**3/3 - l**2/2 - l. Let i be -4*((-25)/(-10))/5. Is g(i) prime?
True
Is (1070 + 2)*153 + -5 + 0 a prime number?
True
Let a(i) = 2*i**3 - 22*i**2 - 35*i + 246. Is a(25) prime?
True
Suppose -5*b - 4 = -2*r - b, -20 = -4*r - 4*b. Suppose 3198 = r*z + 5*k, -5*k = -2*z + 7*z - 3995. Is z a prime number?
True
Let d be (4356/110)/((-2)/15). Let t(n) = 2*n**3 + 4*n + 4. Let y be t(-4). Let o = y - d. Is o a prime number?
True
Let t(w) = 222*w**2 + w. Let d be t(-1). Suppose -4*b = -5*b - d. Let k = -132 - b. Is k prime?
True
Let t = -993 - -995. Let n(g) = g + 79. Let j be n(0). Suppose t*h + j = 3*h - m, m = -5. Is h composite?
True
Let v(k) = -99*k + 107. Is v(-6) a composite number?
False
Suppose 0 = -h - 5*o + 52, 2*o = 5*h - 161 + 36. Let p = 17 - h. Let s = 56 + p. Is s prime?
False
Suppose -933 = -4*u + 1107. Suppose u = 6*c - c. Let a = 251 - c. Is a prime?
True
Let w(q) be the first derivative of -q**3/3 + 5*q**2/2 - 3*q + 7. Let g be w(6). Is (-205)/g + (-22)/(-99) a composite number?
False
Let a = 685 - 50. Suppose a = 2*s + 3*s. Is s a prime number?
True
Suppose -6*m + 9*m = 6735. Is (-6)/(-2) + -27 + m a composite number?
False
Let k(b) = b + 7. Let c be k(-4). Let u(t) = 16*t**2 + 4*t - 3. Let v be u(c). Let a = 232 - v. Is a prime?
True
Suppose 12*r + 1232 = 8*r. Let k = r - -567. Is k composite?
True
Suppose 5*u + m - 167393 = 0, 3*u + 2*m - 55359 - 45074 = 0. Is u composite?
False
Let i be 12/(-3) + 9 + -1. Suppose -3*v + 1 = k - 6*k, -i*v + 13 = 5*k. Is (-1 + k/2)*-242 a prime number?
False
Suppose -b + 7546 = 3*u - 1194, -2 = 2*u. Is b prime?
False
Let r be 4*(-2 + 19/4). Suppose 4*b + 76 = f, 7*f - 3*f = 3*b + 317. Let d = r + f. Is d composite?
True
Is 7 - (-11)/(11/33240) prime?
True
Let y(o) = -o**2 + 13*o - 33. Let v be y(9). Suppose 0 = -2*f - v*d + 469 + 49, 0 = d - 4. Is f prime?
False
Let z(k) = -11*k**3 + k**2 + k - 1. Let d(g) = -g**3 + 6*g**2 - 6*g + 3. Let w = 0 - -5. Let h be d(w). Is z(h) a composite number?
False
Suppose -288 = -14*w - 18*w. Let p = 586 + -391. Suppose w = 4*m - p. Is m composite?
True
Let v(h) = h**3 + 2*h**2 - 2*h - 3. Let f be v(-2). Let m be -9*f*(-10)/(-15). Let z = 5 - m. Is z composite?
False
Let u(f) be the first derivative of 7*f**3/3 + 11*f**2 + 10*f - 24. Is u(-9) prime?
True
Suppose -4*q - 2*n + 7*n + 2943 = 0, -5*n + 1479 = 2*q. Is q prime?
False
Let c(t) = 6*t**2 + 3*t - 2*t**2 - 3 - 12*t - 3*t**2. Is c(12) prime?
False
Let k(q) = 2*q - 15. Suppose 6 + 3 = -3*p, g = 4*p + 22. Let y be k(g). Let a = y - -64. Is a prime?
False
Let r(p) be the second derivative of 823*p**3/6 - p**2 - 24*p. Is r(1) a prime number?
True
Let l(g) = g**3 + 46*g**2 - 20*g + 32. Is l(-33) a composite number?
True
Is 14/(35/5) - (-2 - 33115) composite?
False
Let k(w) = -w**2 + 4 + 3*w**2 + w + 4*w**3 - 12*w**3. Suppose -v = v + 6. Is k(v) prime?
False
Let m = 10 + -12. Let b = m + 6. Suppose 3*v + 4*w = 107, 0 = 2*v + w + b*w - 69. Is v prime?
True
Suppose -655*g - 13062 = -661*g. Is g prime?
False
Suppose -23*j + 40152 = 799. Is j a composite number?
True
Let d(m) = 7*m + 1. Suppose -a + 2*i = -7, -4*a - 13 = 4*i + 7. Let r be d(a). Let h = 91 - r. Is h a prime number?
True
Suppose -4*w + 14887 = -47*b + 48*b, -74457 = -5*b + 2*w. Is b a composite number?
False
Is 4 - (-85378)/10 - (-30)/25 composite?
False
Let v(p) = -2055*p - 214. Is v(-37) composite?
False
Let i(p) = 92*p + 5. Let x(v) = 93*v + 4. Let w(q) = -3*i(q) + 4*x(q). Suppose -y - 3 = -4*y. Is w(y) prime?
True
Suppose 2*c - 15774 = -3896. Is c a composite number?
False
Let h(s) = s**3 - 70*s**2 - 130*s + 53. Is h(72) prime?
True
Suppose -7785 = -10*y + y. Is y composite?
True
Suppose 2*u = 1582 + 504. Suppose u = q - 671. Let z = 2691 - q. Is z prime?
True
Is ((-4)/6)/(-7 + (-160585)/(-22941)) composite?
True
Let g(r) = 601*r**2 + 8*r - 3. Let k(x) = 3006*x**2 + 41*x - 16. Let u(h) = 11*g(h) - 2*k(h). Is u(2) composite?
True
Let d(h) be the first derivative of -5*h**2/2 - 2*h + 5. Is d(-1) composite?
False
Let l(a) = a + 4. Let m be l(-8). Let p be ((-1)/(-2))/(2/m). Is (-80 + (-2)/(-2))*p a prime number?
True
Let c(y) = -y**2. Let o be c(0). Let i be (o + -1)*-5 + -2. Suppose 0*x - 3*x + 569 = 2*h, 0 = -i*x + 4*h + 581. Is x composite?
False
Let x be (((-15)/10)/1)/((-3)/1736). Let g = x + -465. Is g prime?
False
Suppose -3*l - 740 = -2375. Is l a prime number?
False
Suppose -3*l + 4*u + 17119 = 0, l + 8*u - 3*u - 5738 = 0. Is l a prime number?
False
Suppose s + 3*d = -d + 639, 0 = 3*s + 4*d - 1901. Is s a composite number?
False
Suppose -5*k = 10730 - 29695. Is k composite?
False
Suppose -86*j + 10 = -87*j. Is 2 + (-77)/3